490937?
19, 6499523
What are the prime factors of 11238579?
3, 11, 61, 1861
What are the prime factors of 914077170?
2, 3, 5, 89, 38039
What are the prime factors of 112209384?
2, 3, 7, 17, 101, 389
What are the prime factors of 74575823?
7, 53, 59, 3407
List the prime factors of 51487211.
43, 773, 1549
What are the prime factors of 2247455713?
41, 107, 467, 1097
What are the prime factors of 991587?
3, 383, 863
List the prime factors of 110816041.
7, 31, 421, 1213
List the prime factors of 572337064.
2, 13, 5503241
What are the prime factors of 41128637?
11, 3738967
What are the prime factors of 1199790370?
2, 5, 59, 2033543
What are the prime factors of 639435908?
2, 73, 1361, 1609
What are the prime factors of 180742607?
180742607
List the prime factors of 783612961.
783612961
What are the prime factors of 6718200310?
2, 5, 19, 35358949
List the prime factors of 118269391.
17, 151, 46073
What are the prime factors of 408920654?
2, 409, 499903
What are the prime factors of 53891304?
2, 3, 61, 131, 281
List the prime factors of 708516999.
3, 78724111
List the prime factors of 754845157.
11, 68622287
What are the prime factors of 168671048?
2, 7, 13, 41, 5651
What are the prime factors of 40391160?
2, 3, 5, 336593
List the prime factors of 550103508.
2, 3, 157, 32443
What are the prime factors of 30706310?
2, 5, 857, 3583
What are the prime factors of 651868402?
2, 325934201
List the prime factors of 146873527.
2693, 54539
What are the prime factors of 181088286?
2, 3, 37, 815713
List the prime factors of 2475420218.
2, 17, 23, 73, 103, 421
List the prime factors of 1444506962.
2, 61, 11840221
List the prime factors of 26036281.
26036281
What are the prime factors of 240249207?
3, 11, 7280279
List the prime factors of 681889887.
3, 7, 67, 53849
List the prime factors of 1287796634.
2, 23, 41, 682819
What are the prime factors of 163032140?
2, 5, 8151607
What are the prime factors of 1360068223?
23, 59133401
List the prime factors of 82530811.
11, 7502801
List the prime factors of 1604062065.
3, 5, 29, 41, 89939
List the prime factors of 8094889.
11, 677, 1087
What are the prime factors of 874124587?
7, 9749, 12809
What are the prime factors of 8521320?
2, 3, 5, 71011
List the prime factors of 101462918.
2, 281, 180539
List the prime factors of 49229320.
2, 5, 7, 25117
What are the prime factors of 3570891341?
269, 13274689
List the prime factors of 2153719328.
2, 43, 1565203
List the prime factors of 28015395.
3, 5, 1867693
What are the prime factors of 527340421?
19, 4721, 5879
List the prime factors of 3051882255.
3, 5, 47, 1151, 3761
What are the prime factors of 2543804349?
3, 367, 2310449
What are the prime factors of 82808173?
7, 17, 695867
List the prime factors of 6683315468.
2, 17, 6247, 15733
What are the prime factors of 595337230?
2, 5, 29, 397, 5171
What are the prime factors of 115114607?
223, 516209
What are the prime factors of 438410327?
43, 10195589
List the prime factors of 77931868.
2, 7, 2783281
List the prime factors of 466354325.
5, 23, 223, 3637
What are the prime factors of 628330492?
2, 3457, 45439
What are the prime factors of 2555971610?
2, 5, 67, 1361, 2803
List the prime factors of 4082952423.
3, 11, 123725831
List the prime factors of 7954580454.
2, 3, 149, 1237, 7193
List the prime factors of 247254056.
2, 7, 1051, 4201
List the prime factors of 5997151384.
2, 7, 919, 116531
What are the prime factors of 5232656?
2, 11, 13, 2287
List the prime factors of 1269401723.
19, 193, 346169
What are the prime factors of 1122142873?
103, 313, 34807
List the prime factors of 1266127884.
2, 3, 7, 89, 56453
List the prime factors of 40073767.
61, 547, 1201
List the prime factors of 41631235.
5, 53, 127, 1237
List the prime factors of 60030840.
2, 3, 5, 500257
List the prime factors of 3555666.
2, 3, 251, 787
What are the prime factors of 809791275?
3, 5, 619, 17443
What are the prime factors of 23478587?
11, 2134417
List the prime factors of 564279119.
19, 37, 853, 941
List the prime factors of 5293747.
29, 277, 659
What are the prime factors of 340728783?
3, 113576261
What are the prime factors of 34627690?
2, 5, 19, 59, 3089
List the prime factors of 179748702.
2, 3, 7, 19, 75083
What are the prime factors of 1255651028?
2, 113, 1637, 1697
What are the prime factors of 8536453116?
2, 3, 67, 10617479
What are the prime factors of 557905215?
3, 5, 7, 757, 7019
What are the prime factors of 101012935?
5, 20202587
What are the prime factors of 52195475?
5, 31, 67349
What are the prime factors of 948252108?
2, 3, 7949, 9941
List the prime factors of 5741868819.
3, 43, 44510611
List the prime factors of 70561976.
2, 23, 383489
List the prime factors of 772978044.
2, 3, 3529, 18253
What are the prime factors of 71469884?
2, 757, 23603
What are the prime factors of 461215894?
2, 83, 101, 27509
List the prime factors of 421971019.
19, 22209001
List the prime factors of 3727117449.
3, 11, 12549217
What are the prime factors of 561490260?
2, 3, 5, 23, 601, 677
List the prime factors of 45079660.
2, 5, 499, 4517
What are the prime factors of 1025692?
2, 256423
What are the prime factors of 111716875?
5, 37, 4831
What are the prime factors of 2173540159?
7, 310505737
List the prime factors of 1014548409.
3, 7, 661, 2707
What are the prime factors of 29620196?
2, 7405049
List the prime factors of 23037753.
3, 761, 10091
List the prime factors of 111147028.
2, 31, 896347
List the prime factors of 1287592173.
3, 7, 113, 60289
What are the prime factors of 459054045?
3, 5, 31, 109, 3019
What are the prime factors of 1549538009?
71, 21824479
What are the prime factors of 72320994?
2, 3, 4017833
What are the prime factors of 141552166?
2, 7, 17, 19, 23, 1361
What are the prime factors of 31058057?
31058057
What are the prime factors of 68029664?
2, 2125927
What are the prime factors of 1890352551?
3, 630117517
What are the prime factors of 357223164?
2, 3, 73, 407789
What are the prime factors of 201184993?
201184993
What are the prime factors of 227733731?
1571, 144961
What are the prime factors of 405767698?
2, 7, 71, 408217
List the prime factors of 132711022.
2, 149, 445339
List the prime factors of 3128421298.
2, 577, 2710937
What are the prime factors of 238717224?
2, 3, 89, 37253
What are the prime factors of 228472214?
2, 17, 113, 59467
What are the prime factors of 1321629283?
13, 17, 5980223
What are the prime factors of 75810641?
97, 719, 1087
What are the prime factors of 26263394?
2, 1487, 8831
List the prime factors of 1176432597.
3, 661, 197753
What are the prime factors of 158541387?
3, 43, 47, 79, 331
What are the prime factors of 33035481?
3, 43, 85363
List the prime factors of 276563462.
2, 7, 31, 637243
List the prime factors of 291087239.
19, 29, 528289
List the prime factors of 1608588203.
19, 139, 32057
List the prime factors of 1608721505.
5, 321744301
What are the prime factors of 85383668?
2, 97, 337, 653
List the prime factors of 29966765.
5, 5993353
List the prime factors of 555266900.
2, 5, 5552669
What are the prime factors of 127245812?
2, 19, 37, 1223
List the prime factors of 5313530699.
97, 54778667
What are the prime factors of 282645283?
2333, 121151
What are the prime factors of 50313140?
2, 5, 19, 132403
What are the prime factors of 4418779?
61, 107, 677
List the prime factors of 16774830.
2, 3, 5, 62129
List the prime factors of 132203314.
2, 179, 369283
List the prime factors of 664365692.
2, 1039, 159857
List the prime factors of 330271685.
5, 3343, 19759
What are the prime factors of 103837817?
31, 59, 56773
List the prime factors of 1183570772.
2, 53, 89, 149, 421
List the prime factors of 2583557236.
2, 13, 31, 1602703
List the prime factors of 25483742.
2, 3307, 3853
List the prime factors of 165265207.
47, 3516281
List the prime factors of 1058203838.
2, 529101919
List the prime factors of 188494238.
2, 149, 281, 2251
What are the prime factors of 11007523?
11007523
What are the prime factors of 61599865?
5, 23, 43, 12457
What are the prime factors of 348481595?
5, 7, 11, 905147
What are the prime factors of 61239494?
2, 4231, 7237
What are the prime factors of 851395383?
3, 347, 272621
List the prime factors of 79337697.
3, 811, 32609
What are the prime factors of 246270659?
199, 439, 2819